{"id":86,"date":"2020-03-23T11:30:41","date_gmt":"2020-03-23T11:30:41","guid":{"rendered":"https:\/\/demosites.io\/rokophoto-gb\/?page_id=86"},"modified":"2023-10-19T18:15:39","modified_gmt":"2023-10-19T16:15:39","slug":"98ee9-home","status":"publish","type":"page","link":"https:\/\/charlottelambert.net\/","title":{"rendered":"Home"},"content":{"rendered":"\n<div id=\"wp-block-themeisle-blocks-advanced-columns-d78155af\" class=\"wp-block-themeisle-blocks-advanced-columns has-1-columns has-desktop-undefined-layout has-tablet-equal-layout has-mobile-equal-layout has-vertical-unset alignfull has-desktop-equal-layout\"><div class=\"wp-block-themeisle-blocks-advanced-columns-overlay\"><\/div><div class=\"innerblocks-wrap\">\n<div id=\"wp-block-themeisle-blocks-advanced-column-e917b60f\" class=\"wp-block-themeisle-blocks-advanced-column ticss-c3f9e1fb\">\n<h1 id=\"wp-block-themeisle-blocks-advanced-heading-085cae8d\" class=\"wp-block-themeisle-blocks-advanced-heading wp-block-themeisle-blocks-advanced-heading-085cae8d\">Charlotte Lambert<\/h1>\n\n\n\n<p class=\"has-text-align-center has-neve-link-hover-color-color has-text-color\" style=\"font-size:27px\">Graphisme et illustration<\/p>\n\n\n\n<div class=\"wp-block-buttons ticss-07eae988 is-content-justification-center is-layout-flex wp-container-core-buttons-is-layout-16018d1d wp-block-buttons-is-layout-flex\">\n<div class=\"wp-block-button is-style-default animated fadeInLeft ticss-891b2f86\"><a class=\"wp-block-button__link has-neve-link-hover-color-background-color has-background wp-element-button\" href=\"http:\/\/charlottelambert.net\/index.php\/graphisme\/\" style=\"border-radius:0px\"><em>Portfolio<\/em><br>GRAPHISME<\/a><\/div>\n\n\n\n<div class=\"wp-block-button is-style-default animated fadeIn\"><a class=\"wp-block-button__link has-nv-site-bg-color has-neve-link-color-background-color has-text-color has-background wp-element-button\" href=\"http:\/\/charlottelambert.net\/index.php\/web-design2\/\" style=\"border-radius:0px\"><em>Portfolio<\/em><br>\u00c9DITION<\/a><\/div>\n\n\n\n<div class=\"wp-block-button is-style-default animated fadeInRight\"><a class=\"wp-block-button__link has-nv-c-2-background-color has-background wp-element-button\" href=\"http:\/\/charlottelambert.net\/index.php\/illustration\/\" style=\"border-radius:0px\"><em>Portfolio<\/em><br>ILLUSTRATIONS<\/a><\/div>\n<\/div>\n\n\n\n<div style=\"height:20px\" aria-hidden=\"true\" class=\"wp-block-spacer\"><\/div>\n<\/div>\n<\/div><\/div>\n\n\n\n<div id=\"wp-block-themeisle-blocks-advanced-columns-62386cc2\" class=\"wp-block-themeisle-blocks-advanced-columns has-1-columns has-desktop-equal-layout has-tablet-equal-layout has-mobile-equal-layout has-vertical-unset\"><div class=\"wp-block-themeisle-blocks-advanced-columns-overlay\"><\/div><div class=\"innerblocks-wrap\">\n<div id=\"wp-block-themeisle-blocks-advanced-column-bc41f929\" class=\"wp-block-themeisle-blocks-advanced-column\">\n<h2 id=\"wp-block-themeisle-blocks-advanced-heading-bc36dd7f\" class=\"wp-block-themeisle-blocks-advanced-heading wp-block-themeisle-blocks-advanced-heading-bc36dd7f\">Je transforme vos id\u00e9es en images !<\/h2>\n<\/div>\n<\/div><\/div>\n\n\n\n<div id=\"wp-block-themeisle-blocks-advanced-columns-31e21002\" class=\"wp-block-themeisle-blocks-advanced-columns alignfull has-3-columns has-desktop-equal-layout has-tablet-equal-layout has-mobile-collapsedRows-layout has-vertical-unset\"><div class=\"wp-block-themeisle-blocks-advanced-columns-overlay\"><\/div><div class=\"innerblocks-wrap\">\n<div id=\"wp-block-themeisle-blocks-advanced-column-c9be9e5d\" class=\"wp-block-themeisle-blocks-advanced-column animated zoomIn\">\n<div id=\"wp-block-themeisle-blocks-font-awesome-icons-1e4d367e\" class=\"wp-block-themeisle-blocks-font-awesome-icons\"><span class=\"wp-block-themeisle-blocks-font-awesome-icons-container\"><i class=\"fas fa-smile\"><\/i><\/span><\/div>\n\n\n\n<h3 id=\"wp-block-themeisle-blocks-advanced-heading-0844e979\" class=\"wp-block-themeisle-blocks-advanced-heading wp-block-themeisle-blocks-advanced-heading-0844e979\">J&#8217;\u00e9coute<\/h3>\n\n\n\n<p class=\"has-text-align-center has-neve-text-color-color has-text-color\"> Ce qui vous anime, <br>ce que vous souhaitez communiquer,<br>ce dont vous r\u00eaver<\/p>\n<\/div>\n\n\n\n<div id=\"wp-block-themeisle-blocks-advanced-column-6973b905\" class=\"wp-block-themeisle-blocks-advanced-column animated zoomIn\">\n<div id=\"wp-block-themeisle-blocks-font-awesome-icons-23e6330f\" class=\"wp-block-themeisle-blocks-font-awesome-icons\"><span class=\"wp-block-themeisle-blocks-font-awesome-icons-container\"><i class=\"fas fa-lightbulb\"><\/i><\/span><\/div>\n\n\n\n<h3 id=\"wp-block-themeisle-blocks-advanced-heading-4ece72b2\" class=\"wp-block-themeisle-blocks-advanced-heading wp-block-themeisle-blocks-advanced-heading-4ece72b2\"> J&#8217;analyse<\/h3>\n\n\n\n<p class=\"has-text-align-center has-neve-text-color-color has-text-color\">Je proposer des id\u00e9es,<br>j&#8217;imagine des solutions,<br> je traduis en images <\/p>\n<\/div>\n\n\n\n<div id=\"wp-block-themeisle-blocks-advanced-column-dbae4f08\" class=\"wp-block-themeisle-blocks-advanced-column animated zoomIn\">\n<div id=\"wp-block-themeisle-blocks-font-awesome-icons-46b6032e\" class=\"wp-block-themeisle-blocks-font-awesome-icons\"><span class=\"wp-block-themeisle-blocks-font-awesome-icons-container\"><i class=\"fas fa-paper-plane\"><\/i><\/span><\/div>\n\n\n\n<h3 id=\"wp-block-themeisle-blocks-advanced-heading-dc433383\" class=\"wp-block-themeisle-blocks-advanced-heading wp-block-themeisle-blocks-advanced-heading-dc433383\"> je r\u00e9alise<\/h3>\n\n\n\n<p class=\"has-text-align-center has-neve-text-color-color has-text-color\">Je dessine des id\u00e9es,<br>je les mets en page,<br>je les  multiplie<\/p>\n<\/div>\n<\/div><\/div>\n\n\n\n<div id=\"wp-block-themeisle-blocks-advanced-columns-57f0782d\" class=\"wp-block-themeisle-blocks-advanced-columns alignfull has-1-columns has-desktop-equal-layout has-tablet-equal-layout has-mobile-equal-layout has-vertical-unset has-light-bg\"><div class=\"wp-block-themeisle-blocks-advanced-columns-overlay\"><\/div><div class=\"innerblocks-wrap\">\n<div id=\"wp-block-themeisle-blocks-advanced-column-4a831fab\" class=\"wp-block-themeisle-blocks-advanced-column\">\n<h2 id=\"wp-block-themeisle-blocks-advanced-heading-7500b298\" class=\"wp-block-themeisle-blocks-advanced-heading wp-block-themeisle-blocks-advanced-heading-7500b298\"> Zoom<\/h2>\n<\/div>\n<\/div><\/div>\n\n\n\n<div id=\"wp-block-themeisle-blocks-advanced-columns-a03d85c1\" class=\"wp-block-themeisle-blocks-advanced-columns alignfull has-1-columns has-desktop-equal-layout has-tablet-equal-layout has-mobile-equal-layout has-vertical-unset has-light-bg\"><div class=\"wp-block-themeisle-blocks-advanced-columns-overlay\"><\/div><div class=\"innerblocks-wrap\">\n<div id=\"wp-block-themeisle-blocks-advanced-column-0e70f4bf\" class=\"wp-block-themeisle-blocks-advanced-column\">\n<div class=\"wp-block-columns is-layout-flex wp-container-core-columns-is-layout-9d6595d7 wp-block-columns-is-layout-flex\">\n<div class=\"wp-block-column is-layout-flow wp-block-column-is-layout-flow\">\n<figure class=\"wp-block-image size-full\"><img loading=\"lazy\" decoding=\"async\" width=\"630\" height=\"630\" src=\"http:\/\/charlottelambert.net\/wp-content\/uploads\/2023\/10\/purpan_14-2-carre.jpg\" alt=\"Hopital Purpan Toulouse\" class=\"wp-image-1078\" srcset=\"https:\/\/charlottelambert.net\/wp-content\/uploads\/2023\/10\/purpan_14-2-carre.jpg 630w, https:\/\/charlottelambert.net\/wp-content\/uploads\/2023\/10\/purpan_14-2-carre-300x300.jpg 300w, https:\/\/charlottelambert.net\/wp-content\/uploads\/2023\/10\/purpan_14-2-carre-150x150.jpg 150w\" sizes=\"auto, (max-width: 630px) 100vw, 630px\" \/><\/figure>\n\n\n\n<p class=\"has-text-align-center has-nv-site-bg-color has-text-color\">Illustrations pour la salle de r\u00e9veil <br>de l&#8217;h\u00f4pital Purpan \u00e0 Toulouse<\/p>\n\n\n\n<div class=\"wp-block-buttons is-content-justification-center is-layout-flex wp-container-core-buttons-is-layout-16018d1d wp-block-buttons-is-layout-flex\">\n<div class=\"wp-block-button has-custom-font-size\" style=\"font-size:12px\"><a class=\"wp-block-button__link has-nv-site-bg-color has-nv-c-1-background-color has-text-color has-background wp-element-button\" href=\"http:\/\/charlottelambert.net\/index.php\/illustration\/\" style=\"border-radius:0px\">Voir dans mon portfolio Illustration<\/a><\/div>\n<\/div>\n<\/div>\n\n\n\n<div class=\"wp-block-column is-layout-flow wp-block-column-is-layout-flow\">\n<figure class=\"wp-block-image size-full\"><img loading=\"lazy\" decoding=\"async\" width=\"630\" height=\"630\" src=\"http:\/\/charlottelambert.net\/wp-content\/uploads\/2022\/08\/Biocybele2_2022.jpg\" alt=\"Biocybele Tarn\" class=\"wp-image-727\" srcset=\"https:\/\/charlottelambert.net\/wp-content\/uploads\/2022\/08\/Biocybele2_2022.jpg 630w, https:\/\/charlottelambert.net\/wp-content\/uploads\/2022\/08\/Biocybele2_2022-300x300.jpg 300w, https:\/\/charlottelambert.net\/wp-content\/uploads\/2022\/08\/Biocybele2_2022-150x150.jpg 150w\" sizes=\"auto, (max-width: 630px) 100vw, 630px\" \/><\/figure>\n\n\n\n<p class=\"has-text-align-center has-nv-site-bg-color has-text-color\">Illustrations pour les 40 ans de la foire Biocyb\u00e8le dans le Tarn<\/p>\n\n\n\n<div class=\"wp-block-buttons is-content-justification-center is-layout-flex wp-container-core-buttons-is-layout-16018d1d wp-block-buttons-is-layout-flex\">\n<div class=\"wp-block-button has-custom-font-size is-style-default\" style=\"font-size:12px\"><a class=\"wp-block-button__link has-nv-c-1-background-color has-background wp-element-button\" href=\"http:\/\/charlottelambert.net\/index.php\/graphisme\/\" style=\"border-radius:0px\">Voir dans mon portfolio Graphisme<\/a><\/div>\n<\/div>\n<\/div>\n\n\n\n<div class=\"wp-block-column is-layout-flow wp-block-column-is-layout-flow\">\n<figure class=\"wp-block-image size-full\"><img loading=\"lazy\" decoding=\"async\" width=\"945\" height=\"945\" src=\"http:\/\/charlottelambert.net\/wp-content\/uploads\/2023\/10\/cityway-1carre.jpg\" alt=\"Cityway\" class=\"wp-image-1077\" srcset=\"https:\/\/charlottelambert.net\/wp-content\/uploads\/2023\/10\/cityway-1carre.jpg 945w, https:\/\/charlottelambert.net\/wp-content\/uploads\/2023\/10\/cityway-1carre-300x300.jpg 300w, https:\/\/charlottelambert.net\/wp-content\/uploads\/2023\/10\/cityway-1carre-150x150.jpg 150w, https:\/\/charlottelambert.net\/wp-content\/uploads\/2023\/10\/cityway-1carre-768x768.jpg 768w\" sizes=\"auto, (max-width: 945px) 100vw, 945px\" \/><\/figure>\n\n\n\n<p class=\"has-text-align-center has-nv-site-bg-color has-text-color\">Illustrations pour la Campagne GreenGoat<br>de Cityway<\/p>\n\n\n\n<div class=\"wp-block-buttons has-custom-font-size is-content-justification-center is-layout-flex wp-container-core-buttons-is-layout-16018d1d wp-block-buttons-is-layout-flex\" style=\"font-size:10px\">\n<div class=\"wp-block-button has-custom-font-size\" style=\"font-size:12px\"><a class=\"wp-block-button__link has-nv-text-dark-bg-color has-nv-c-1-background-color has-text-color has-background wp-element-button\" href=\"http:\/\/charlottelambert.net\/index.php\/illustration\/\" style=\"border-radius:0px\">Voir dans mon portfolio Illustration<\/a><\/div>\n<\/div>\n<\/div>\n<\/div>\n<\/div>\n<\/div><\/div>\n\n\n\n<div id=\"wp-block-themeisle-blocks-advanced-columns-dbf7b6ce\" class=\"wp-block-themeisle-blocks-advanced-columns alignfull has-2-columns has-desktop-twoOne-layout has-tablet-equal-layout has-mobile-collapsedRows-layout has-vertical-unset has-light-bg\"><div class=\"wp-block-themeisle-blocks-advanced-columns-overlay\"><\/div><div class=\"innerblocks-wrap\">\n<div id=\"wp-block-themeisle-blocks-advanced-column-85630ef9\" class=\"wp-block-themeisle-blocks-advanced-column\">\n<h2 class=\"wp-block-heading has-text-align-center\" id=\"wp-block-themeisle-blocks-advanced-heading-62af4a07\">Vous souhaitez travailler avec moi ?<\/h2>\n\n\n\n<p class=\"has-text-align-center\">Parlez moi de votre projet !<br>Vous pouvez m&#8217;appeler au +33 6 28 06 00 05<br>ou envoyez moi un petit mail <\/p>\n<\/div>\n\n\n\n<div id=\"wp-block-themeisle-blocks-advanced-column-dcffcd99\" class=\"wp-block-themeisle-blocks-advanced-column\">\n<div class=\"wp-block-buttons is-content-justification-center is-layout-flex wp-container-core-buttons-is-layout-16018d1d wp-block-buttons-is-layout-flex\">\n<div class=\"wp-block-button has-custom-font-size is-style-default has-medium-font-size\"><a class=\"wp-block-button__link has-nv-site-bg-color has-neve-link-hover-color-background-color has-text-color has-background has-text-align-center wp-element-button\" href=\"mailto:contact@charlottelambert.net\" style=\"border-radius:0px\"><br><strong>Contactez moi !<\/strong><br><br><\/a><\/div>\n<\/div>\n<\/div>\n<\/div><\/div>\n\n\n\n<div id=\"wp-block-themeisle-blocks-advanced-columns-b9f55380\" class=\"wp-block-themeisle-blocks-advanced-columns alignfull has-2-columns has-desktop-equal-layout has-tablet-equal-layout has-mobile-collapsedRows-layout has-vertical-center has-light-bg\"><div class=\"wp-block-themeisle-blocks-advanced-columns-overlay\"><\/div><div class=\"innerblocks-wrap\">\n<div id=\"wp-block-themeisle-blocks-advanced-column-a2fe9964\" class=\"wp-block-themeisle-blocks-advanced-column\">\n<figure class=\"wp-block-image size-full is-style-default\"><img loading=\"lazy\" decoding=\"async\" width=\"596\" height=\"301\" src=\"http:\/\/charlottelambert.net\/wp-content\/uploads\/2023\/10\/2010-e1662110285461.jpg\" alt=\"\" class=\"wp-image-1108\" style=\"aspect-ratio:1.9801980198019802;object-fit:cover\" srcset=\"https:\/\/charlottelambert.net\/wp-content\/uploads\/2023\/10\/2010-e1662110285461.jpg 596w, https:\/\/charlottelambert.net\/wp-content\/uploads\/2023\/10\/2010-e1662110285461-300x152.jpg 300w\" sizes=\"auto, (max-width: 596px) 100vw, 596px\" \/><\/figure>\n<\/div>\n\n\n\n<div id=\"wp-block-themeisle-blocks-advanced-column-506cf6c7\" class=\"wp-block-themeisle-blocks-advanced-column\">\n<h2 id=\"wp-block-themeisle-blocks-advanced-heading-df2e022d\" class=\"wp-block-themeisle-blocks-advanced-heading wp-block-themeisle-blocks-advanced-heading-df2e022d\">\u00c0 propos<\/h2>\n\n\n\n<p class=\"has-white-color has-text-color\">Graphiste et illustratrice Freelance depuis 2003, de Montr\u00e9al \u00e0 Gaillac, je travaille pour  des entreprises, des associations, des institutions, o\u00f9 qu&#8217;elles soient !<\/p>\n\n\n\n<p class=\"has-nv-site-bg-color has-text-color\">Je partage d\u00e9sormais mes connaissances en proposant diff\u00e9rents types de formations.<\/p>\n\n\n\n<div id=\"wp-block-themeisle-blocks-button-group-e0f3af54\" class=\"wp-block-themeisle-blocks-button-group wp-block-buttons align-center-desktop\">\n<div id=\"wp-block-themeisle-blocks-button-a5a97d76\" class=\"wp-block-themeisle-blocks-button wp-block-button\"><a href=\"http:\/\/charlottelambert.net\/index.php\/98ee9-about\/\" target=\"_self\" rel=\"noopener noreferrer\" class=\"wp-block-button__link\"><span>En savoir plus<\/span><\/a><\/div>\n<\/div>\n<\/div>\n<\/div><\/div>\n\n\n\n<div id=\"wp-block-themeisle-blocks-advanced-columns-6ebe6d43\" class=\"wp-block-themeisle-blocks-advanced-columns alignfull has-1-columns has-desktop-equal-layout has-tablet-equal-layout has-mobile-equal-layout has-vertical-unset has-light-bg\"><div class=\"wp-block-themeisle-blocks-advanced-columns-overlay\"><\/div><div class=\"innerblocks-wrap\">\n<div id=\"wp-block-themeisle-blocks-advanced-column-6c781174\" class=\"wp-block-themeisle-blocks-advanced-column\"><div class=\"wp-block-image\">\n<figure class=\"aligncenter size-full is-resized\"><img loading=\"lazy\" decoding=\"async\" width=\"391\" height=\"300\" src=\"http:\/\/charlottelambert.net\/wp-content\/uploads\/2022\/08\/logocha-orange_med.jpg\" alt=\"\" class=\"wp-image-671\" style=\"aspect-ratio:1.3033333333333332;width:239px;height:auto\" srcset=\"https:\/\/charlottelambert.net\/wp-content\/uploads\/2022\/08\/logocha-orange_med.jpg 391w, https:\/\/charlottelambert.net\/wp-content\/uploads\/2022\/08\/logocha-orange_med-300x230.jpg 300w\" sizes=\"auto, (max-width: 391px) 100vw, 391px\" \/><\/figure>\n<\/div><\/div>\n<\/div><\/div>\n\n\n\n<div id=\"wp-block-themeisle-blocks-advanced-columns-efbdb2c9\" class=\"wp-block-themeisle-blocks-advanced-columns alignfull has-1-columns has-desktop-equal-layout has-tablet-equal-layout has-mobile-equal-layout has-vertical-unset has-light-bg\"><div class=\"wp-block-themeisle-blocks-advanced-columns-overlay\"><\/div><div class=\"innerblocks-wrap\">\n<div id=\"wp-block-themeisle-blocks-advanced-column-e96245cc\" class=\"wp-block-themeisle-blocks-advanced-column\">\n<h4 id=\"wp-block-themeisle-blocks-advanced-heading-fa570d7a\" class=\"wp-block-themeisle-blocks-advanced-heading wp-block-themeisle-blocks-advanced-heading-fa570d7a\">Suivez moi sur Instagram<\/h4>\n\n\n\n<div id=\"wp-block-themeisle-blocks-button-group-719d0f28\" class=\"wp-block-themeisle-blocks-button-group wp-block-buttons align-center ticss-e60cbb04\">\n<div id=\"wp-block-themeisle-blocks-button-8d0c418b\" class=\"wp-block-themeisle-blocks-button wp-block-button ticss-fdc0ee80 is-style-secondary\"><a href=\"https:\/\/www.instagram.com\/charlottelambert.illustrations\/\" target=\"_blank\" rel=\"noopener noreferrer\" class=\"wp-block-button__link\"><i class=\"fab fa-fw fa-instagram\"><\/i><\/a><\/div>\n<\/div>\n<\/div>\n<\/div><\/div>\n\n\n\n<div id=\"wp-block-themeisle-blocks-advanced-columns-a4e24bde\" class=\"wp-block-themeisle-blocks-advanced-columns alignfull has-1-columns has-desktop-equal-layout has-tablet-equal-layout has-mobile-equal-layout has-vertical-unset has-dark-bg\"><div class=\"wp-block-themeisle-blocks-advanced-columns-overlay\"><\/div><div class=\"innerblocks-wrap\">\n<div id=\"wp-block-themeisle-blocks-advanced-column-361e8ee9\" class=\"wp-block-themeisle-blocks-advanced-column has-dark-bg\">\n<p class=\"has-nv-text-dark-bg-color has-text-color\"><small>\u00a9 2023<\/small> &#8211; Charlotte Lambert  &#8211; Graphisme et illustration &#8211; +33 6 28 06 00 05 <\/p>\n<\/div>\n<\/div><\/div>\n","protected":false},"excerpt":{"rendered":"","protected":false},"author":1,"featured_media":0,"parent":0,"menu_order":0,"comment_status":"closed","ping_status":"closed","template":"page-templates\/template-pagebuilder-full-width.php","meta":{"neve_meta_sidebar":"full-width","neve_meta_container":"contained","neve_meta_enable_content_width":"on","neve_meta_content_width":100,"neve_meta_title_alignment":"","neve_meta_author_avatar":"","neve_post_elements_order":"","neve_meta_disable_header":"","neve_meta_disable_footer":"","neve_meta_disable_title":"","_themeisle_gutenberg_block_has_review":false,"footnotes":""},"class_list":["post-86","page","type-page","status-publish","hentry"],"_links":{"self":[{"href":"https:\/\/charlottelambert.net\/index.php\/wp-json\/wp\/v2\/pages\/86","targetHints":{"allow":["GET"]}}],"collection":[{"href":"https:\/\/charlottelambert.net\/index.php\/wp-json\/wp\/v2\/pages"}],"about":[{"href":"https:\/\/charlottelambert.net\/index.php\/wp-json\/wp\/v2\/types\/page"}],"author":[{"embeddable":true,"href":"https:\/\/charlottelambert.net\/index.php\/wp-json\/wp\/v2\/users\/1"}],"replies":[{"embeddable":true,"href":"https:\/\/charlottelambert.net\/index.php\/wp-json\/wp\/v2\/comments?post=86"}],"version-history":[{"count":88,"href":"https:\/\/charlottelambert.net\/index.php\/wp-json\/wp\/v2\/pages\/86\/revisions"}],"predecessor-version":[{"id":1109,"href":"https:\/\/charlottelambert.net\/index.php\/wp-json\/wp\/v2\/pages\/86\/revisions\/1109"}],"wp:attachment":[{"href":"https:\/\/charlottelambert.net\/index.php\/wp-json\/wp\/v2\/media?parent=86"}],"curies":[{"name":"wp","href":"https:\/\/api.w.org\/{rel}","templated":true}]}}